{"id":324,"date":"2023-04-12T16:22:23","date_gmt":"2023-04-12T16:22:23","guid":{"rendered":"https:\/\/emovare.fr\/?page_id=324"},"modified":"2023-04-13T13:02:14","modified_gmt":"2023-04-13T13:02:14","slug":"mentions-legales-2","status":"publish","type":"page","link":"https:\/\/emovare.fr\/?page_id=324","title":{"rendered":"Mentions l\u00e9gales"},"content":{"rendered":"\n<h2 class=\"wp-block-heading\">Informations G\u00e9n\u00e9rales<\/h2>\n\n\n\n<p class=\"has-helvetica-font-family has-custom-font\" style=\"font-family:Helvetica\">Ce site est propri\u00e9t\u00e9 de l\u2019entreprise Emovare<\/p>\n\n\n\n<p>Repr\u00e9sent\u00e9e par Julie CAMUS Fondatrice de Emovare<\/p>\n\n\n\n<p class=\"has-helvetica-font-family has-custom-font\" style=\"font-family:Helvetica\"><br>N\u00b0SIRET :  87902339800016<br>Si\u00e8ge social : 72 rue Marengo 13006 Marseille<br>Directrice de publication du site : Julie Camus<br> Ce site est maintenu et h\u00e9berg\u00e9 par : WordPress et Hostinger<br>Contact : contact@emovare.fr<br>Cr\u00e9dit photos : pexels.com &#8211; Priv\u00e9<\/p>\n\n\n\n<h2 class=\"is-style-default wp-block-heading\">Droits D\u2019auteur<\/h2>\n\n\n\n<p class=\"has-helvetica-font-family has-custom-font\" style=\"font-family:Helvetica\">Toute reproduction totale ou partielle du design, des textes, des photos ou des mises en page est interdite, conform\u00e9ment aux dispositions de l\u2019article L. 122-4 du Code de la propri\u00e9t\u00e9 intellectuelle. Tout contrevenant sera passible de poursuites judiciaires pour contrefa\u00e7on.<\/p>\n\n\n\n<p class=\"has-helvetica-font-family has-custom-font\" style=\"font-family:Helvetica\">Emovare t met tout en \u0153uvre pour offrir aux utilisateurs des informations et\/ou outils disponibles et v\u00e9rifi\u00e9s mais ne saurait \u00eatre tenue pour responsable des erreurs ou omissions, d\u2019une absence de disponibilit\u00e9 des informations et des services. En cons\u00e9quence, l\u2019utilisateur reconna\u00eet utiliser ces informations sous sa responsabilit\u00e9 exclusive.<\/p>\n\n\n\n<h2 class=\"wp-block-heading\">Protection Des Donn\u00e9es Personnelles<\/h2>\n\n\n\n<p class=\"has-helvetica-font-family has-custom-font\" style=\"font-family:Helvetica\">La consultation du site www.emovare.fr est possible sans que vous ayez \u00e0 r\u00e9v\u00e9ler votre identit\u00e9 ou toute autre information \u00e0 caract\u00e8re personnel vous concernant. L\u2019utilisateur est notamment inform\u00e9, conform\u00e9ment \u00e0 l\u2019article 27 de la loi Informatique, fichiers et libert\u00e9s du 6 janvier 1978, que les informations facultatives qu\u2019il communique en r\u00e9pondant s\u2019il le souhaite aux formulaires pr\u00e9sents sur le site permettent de r\u00e9pondre \u00e0 sa demande et sont destin\u00e9es \u00e0 la soci\u00e9t\u00e9 Emovare, responsable du traitement, \u00e0 des fins de gestion administrative et commerciale. Si l\u2019utilisateur ne souhaite pas recevoir des informations ou des offres de la soci\u00e9t\u00e9 Synoptis Management ou s\u2019il veut disposer d\u2019un droit d\u2019acc\u00e8s, de radiation et de rectification sur les donn\u00e9es personnelles le concernant, il peut \u00e9crire \u00e0 contact@emovare.fr \u2013 72 rue Marengo 13006 Marseille ou par e-mail : contact@emovare.fr<\/p>\n\n\n\n<h2 class=\"wp-block-heading\">Liens Hypertextes<\/h2>\n\n\n\n<p class=\"has-helvetica-font-family has-custom-font\" style=\"font-family:Helvetica\">La mise en place d\u2019un lien hypertexte vers le site www.synoptis-management.com ne n\u00e9cessite pas d\u2019autorisation pr\u00e9alable et \u00e9crite \u00e0 la soci\u00e9t\u00e9 Emovare En tout \u00e9tat de cause, cette derni\u00e8re n\u2019est en aucun cas tenue responsable du contenu ainsi que des produits ou services propos\u00e9s sur les sites auxquels le site www.synoptis-management.com se trouverait li\u00e9 par des liens hypertextes ou tout autre type de lien. De plus le site contient un certains nombre de liens hypertextes vers d\u2019autres sites, mis en place avec l\u2019autorisation de la responsable de la publication, cependant, elle n\u2019a pas la possibilit\u00e9 de v\u00e9rifier le contenu des sites ainsi visit\u00e9s, et n\u2019assumera aucune responsabilit\u00e9s de ce fait. Vous pouvez d\u00e9sactiver les cookies, sinon le site peut les utiliser.<\/p>\n\n\n\n<h2 class=\"wp-block-heading\">Droit Applicable<\/h2>\n\n\n\n<p class=\"has-helvetica-font-family has-custom-font\" style=\"font-family:Helvetica\">Le site Internet www.synoptis-management.com et les pr\u00e9sentes conditions g\u00e9n\u00e9rales sont soumises au droit fran\u00e7ais et sont r\u00e9dig\u00e9s en fran\u00e7ais. Pour tout litige, il est fait attribution exclusive de juridiction aux tribunaux comp\u00e9tents du ressort de Lyon. La soci\u00e9t\u00e9 Emovare se r\u00e9serve le droit de modifier les pr\u00e9sentes mentions \u00e0 tout moment. L\u2019utilisateur s\u2019engage \u00e0 la consulter r\u00e9guli\u00e8rement.<\/p>\n\n\n\n<h2 class=\"wp-block-heading\">Limitation De Responsabilit\u00e9<\/h2>\n\n\n\n<p class=\"has-helvetica-font-family has-custom-font\" style=\"font-family:Helvetica\">Vous utilisez le site www.emovare.fr sous votre seule et enti\u00e8re responsabilit\u00e9. La soci\u00e9t\u00e9 ne pourra \u00eatre tenu pour responsable des dommages directs ou indirects, tels que, notamment, pr\u00e9judice mat\u00e9riel, pertes de donn\u00e9es ou de programme, pr\u00e9judice financier, r\u00e9sultant de l\u2019utilisation de ce site ou de sites qui lui sont li\u00e9s.<\/p>\n\n\n\n<h2 class=\"wp-block-heading\">Mises \u00c0 Jour<\/h2>\n\n\n\n<p class=\"has-helvetica-font-family has-custom-font\" style=\"font-family:Helvetica\">Emovare se r\u00e9serve le droit de modifier et de mettre \u00e0 jour, sans pr\u00e9avis, les pr\u00e9sentes mentions l\u00e9gales et tous les \u00e9l\u00e9ments, produits pr\u00e9sent\u00e9s sur le site. L\u2019ensemble de ces modifications s\u2019impose aux internautes qui doivent consulter les pr\u00e9sentes Conditions G\u00e9n\u00e9rales lors de chaque connexion.<\/p>\n\n\n\n<h2 class=\"wp-block-heading\">Donn\u00e9es Statistiques De Suivi<\/h2>\n\n\n\n<p class=\"has-helvetica-font-family has-custom-font\" style=\"font-family:Helvetica\">Nous utilisons les donn\u00e9es de connexion pour nos statistiques de consultation (type de navigateur, nombre de visiteurs, rubriques visit\u00e9es\u2026) pour l\u2019optimisation de notre site en terme de rubriques et de navigation mais ces informations ne sont pas transmises \u00e0 des tiers.<\/p>\n","protected":false},"excerpt":{"rendered":"<p>Informations G\u00e9n\u00e9rales Ce site est propri\u00e9t\u00e9 de l\u2019entreprise Emovare Repr\u00e9sent\u00e9e par Julie CAMUS Fondatrice de Emovare N\u00b0SIRET : 87902339800016Si\u00e8ge social : 72 rue Marengo 13006 MarseilleDirectrice de publication du site : Julie Camus Ce site est maintenu et h\u00e9berg\u00e9 par : WordPress et HostingerContact : contact@emovare.frCr\u00e9dit photos : pexels.com &#8211; Priv\u00e9 Droits D\u2019auteur Toute reproduction [&hellip;]<\/p>\n","protected":false},"author":1,"featured_media":0,"parent":0,"menu_order":0,"comment_status":"closed","ping_status":"closed","template":"blank","meta":{"_coblocks_attr":"Helvetica,Georgia,Merriweather,Helvetica","_coblocks_dimensions":"","_coblocks_responsive_height":"","_coblocks_accordion_ie_support":"","footnotes":""},"class_list":["post-324","page","type-page","status-publish","hentry"],"_links":{"self":[{"href":"https:\/\/emovare.fr\/index.php?rest_route=\/wp\/v2\/pages\/324","targetHints":{"allow":["GET"]}}],"collection":[{"href":"https:\/\/emovare.fr\/index.php?rest_route=\/wp\/v2\/pages"}],"about":[{"href":"https:\/\/emovare.fr\/index.php?rest_route=\/wp\/v2\/types\/page"}],"author":[{"embeddable":true,"href":"https:\/\/emovare.fr\/index.php?rest_route=\/wp\/v2\/users\/1"}],"replies":[{"embeddable":true,"href":"https:\/\/emovare.fr\/index.php?rest_route=%2Fwp%2Fv2%2Fcomments&post=324"}],"version-history":[{"count":5,"href":"https:\/\/emovare.fr\/index.php?rest_route=\/wp\/v2\/pages\/324\/revisions"}],"predecessor-version":[{"id":412,"href":"https:\/\/emovare.fr\/index.php?rest_route=\/wp\/v2\/pages\/324\/revisions\/412"}],"wp:attachment":[{"href":"https:\/\/emovare.fr\/index.php?rest_route=%2Fwp%2Fv2%2Fmedia&parent=324"}],"curies":[{"name":"wp","href":"https:\/\/api.w.org\/{rel}","templated":true}]}}